{"id":2,"date":"2022-12-13T11:41:27","date_gmt":"2022-12-13T11:41:27","guid":{"rendered":"http:\/\/www.lelektrening.hu\/wp\/?page_id=2"},"modified":"2023-02-06T13:10:24","modified_gmt":"2023-02-06T13:10:24","slug":"magunkrol","status":"publish","type":"page","link":"https:\/\/www.lelektrening.hu\/?page_id=2","title":{"rendered":"Magamr\u00f3l"},"content":{"rendered":"\n<hr class=\"wp-block-separator has-css-opacity is-style-default\"\/>\n\n\n<div class=\"wp-block-image is-style-rounded\">\n<figure class=\"aligncenter size-full is-resized\"><img decoding=\"async\" src=\"http:\/\/www.lelektrening.hu\/wp\/wp-content\/uploads\/2022\/12\/301731145_728214305083463_3486111953257939817_n.jpg\" alt=\"\" class=\"wp-image-344\" width=\"-192\" height=\"-128\" srcset=\"https:\/\/www.lelektrening.hu\/wp-content\/uploads\/2022\/12\/301731145_728214305083463_3486111953257939817_n.jpg 600w, https:\/\/www.lelektrening.hu\/wp-content\/uploads\/2022\/12\/301731145_728214305083463_3486111953257939817_n-300x201.jpg 300w, https:\/\/www.lelektrening.hu\/wp-content\/uploads\/2022\/12\/301731145_728214305083463_3486111953257939817_n-90x60.jpg 90w\" sizes=\"(max-width: 600px) 100vw, 600px\" \/><figcaption class=\"wp-element-caption\">Tar Ildik\u00f3 \/N\u0151k Lapja\/<\/figcaption><\/figure><\/div>\n\n\n<blockquote class=\"wp-block-quote has-text-align-center is-style-large is-layout-flow wp-block-quote-is-layout-flow\">\n<p><\/p>\n\n\n\n<p>&#8220;N\u00e9ha nem tudom m\u00e1r, hogy miben lehet m\u00e9g hinni, azt\u00e1n<br>r\u00e1j\u00f6v\u00f6k, hogy a m\u0171v\u00e9szetben, a szerelemben, a szeretetben, az<br>alkot\u00e1sban, a bar\u00e1ts\u00e1gban, a szolidarit\u00e1sban m\u00e9g lehet. A<br>hum\u00e1n \u00e9rt\u00e9kekben.&#8221;<\/p>\n<cite>\u2014 Kerekes Anna<\/cite><\/blockquote>\n\n\n<p>Eg\u00e9sz \u00e9letemben izgatott-izgat ez a vil\u00e1g, amibe a sz\u00fclet\u00e9semmel meg\u00e9rkeztem, \u00e9s aminek az<br \/>\u00f6r\u00f6meit \u00e9lvezem, sz\u00e9ps\u00e9gein \u00e1mulok, de aminek a neh\u00e9zs\u00e9geivel, vissz\u00e1ss\u00e1gaival,<br \/>l\u00e9lekf\u00e1jdalmaival m\u00e1r igen kor\u00e1n szembes\u00fcln\u00f6m kellett.<\/p>\n<p><br \/>Eleinte kiz\u00e1r\u00f3lag a m\u0171v\u00e9szet mutatta meg sz\u00e1momra az emberi \u00e9let, az emberi l\u00e9lek<br \/>\u00f6sszetetts\u00e9g\u00e9t, bonyolults\u00e1g\u00e1t. Saj\u00e1t kutat\u00e1sra \u00e9p\u00fcl\u0151 els\u0151 diplomamunk\u00e1mat viszont m\u00e1r<br \/><strong>pszichol\u00f3gi\u00e1b\u00f3l<\/strong> \u00edrtam meg.<\/p>\n<p><br \/>K\u00e9s\u0151bb az v\u00e1lt a legfontosabb\u00e1, hogy hogyan lehet seg\u00edteni gyakorlatiasan a lelki f\u00e1jdalmon, a<br \/>szenved\u00e9sen itt \u00e9s most, a jelenben \u00e9s hogyan lehet \u00f6nismerethez jutni, az\u00e9rt, hogy megfelel\u0151<br \/>p\u00e1rt, munk\u00e1t, hivat\u00e1st tal\u00e1ljunk, teljesebb, harmonikusabb \u00e9letet \u00e9lhess\u00fcnk.<\/p>\n<p><br \/>Carl Gustav Jung, sv\u00e1jci pszichi\u00e1ter, pszichoterapeuta munk\u00e1ss\u00e1ga nyom\u00e1n ilyen er\u0151nek<br \/>tal\u00e1ltam <strong>az \u00e1lmok<\/strong>at. Sz\u00e1mos foly\u00f3iratban publik\u00e1ltam az \u00e1lmok \u00f6nismereti hasznoss\u00e1g\u00e1r\u00f3l,<br \/>\u00f6n\u00e1ll\u00f3 rovataim (pl. Javaslap, Amir\u0151l az orvos nem mindig besz\u00e9l, N\u0151k Lapja) is voltak. A<br \/>tapasztalataimat v\u00e9g\u00fcl k\u00e9t k\u00f6nyvben foglaltam \u00f6ssze: \u00c1lmaink t\u00fckr\u00e9ben. \u00c1lomfejt\u0151-<br \/>\u00f6nismereti k\u00e9zik\u00f6nyv \u00e9s sz\u00f3t\u00e1r. Urbis Kiad\u00f3, Bp., 2007 \u00e9s \u00c1lomfejt\u0151-\u00f6nismereti k\u00e9zik\u00f6nyv \u00e9s<br \/>sz\u00f3t\u00e1r. F\u00e9lelmeink \u00e9s v\u00e1gyaink \u00e1lmaink t\u00fckr\u00e9ben. \u00c1tdolgozott kiad\u00e1s. Kossuth Kiad\u00f3, Bp.,<br \/>2017.<\/p>\n<p><br \/>Tal\u00e1ltam m\u00e9g egy olyan ter\u00fcletet, ami seg\u00edti az emberek \u00f6nismeret\u00e9t, boldogul\u00e1s\u00e1t: ez az<br \/><strong>asztrol\u00f3gia<\/strong>. Hihetetlen er\u0151vel vonzott, mert azt \u00e9reztem meg benne, amit Carl Gustav Jung is,<br \/>hogy az el\u0151z\u0151 ezer \u00e9vekben \u00e9lt el\u0151deink hatalmas tud\u00e1s\u00e1t hordozza az emberi l\u00e9lekr\u0151l, a vil\u00e1g<br \/>\u00e9s szem\u00e9lyis\u00e9g csod\u00e1latos \u00f6sszefonotts\u00e1g\u00e1r\u00f3l. Ezt is kitanultam, levizsg\u00e1ztam bel\u0151le, \u00e9s 27<br \/>\u00e9ve foglalkozom vele, k\u00e9pviselve egy \u00f6nismereti-filoz\u00f3fiai-pszichol\u00f3giai jelleg\u0171 ir\u00e1nyzatot.<\/p>\n<p><br \/>V\u00e9g\u00fcl \u201emeg\u00e9rkeztem\u201d a <strong>m\u0171v\u00e9szetter\u00e1pia<\/strong> vil\u00e1g\u00e1ba, ami k\u00f6z\u00f6s mederbe terelte mindazt, amit<br \/>\u00e9rt\u00e9knek, seg\u00edt\u0151nek v\u00e9lek a vil\u00e1gban: sz\u00f3beli m\u0171v\u00e9szet, k\u00e9pz\u0151m\u0171v\u00e9szet, zene, szimb\u00f3lumok,<br \/>\u00f6nismeret, gy\u00f3gy\u00edt\u00e1s, emp\u00e1ti\u00e1s, elfogad\u00f3 l\u00e9gk\u00f6r \u00e9s c\u00e9lir\u00e1nyos gyakorlatiass\u00e1g.<br \/><strong>M\u0171v\u00e9szetterapeuta<\/strong> lettem.<\/p>\n<p><br \/>A l\u00e9lek m\u00e9ly\u00e9n a f\u00e1jdalom, az elakad\u00e1s csak valamif\u00e9le energiagombolyag, nem k\u00e9p, nem<br \/>sz\u00f3. Amikor m\u00e1r k\u00e9pbe \u201el\u00e9p\u201d, amikor m\u00e1r \u00e1br\u00e1zolhat\u00f3, akkor k\u00f6zelebb l\u00e9p a tudat vil\u00e1g\u00e1hoz,<br \/>akkor m\u00e1r lehet kezdeni vele valamit.<\/p>\n<p><br \/>Ezt teszi az \u00e1lom is, a m\u0171v\u00e9szetter\u00e1pia is: k\u00e9pies\u00edt. Az \u00e1lom spont\u00e1n m\u00f3don fejezi ki a l\u00e9lek<br \/>\u00fczeneteit, a m\u0171v\u00e9szetter\u00e1pi\u00e1n gyakorlatiasan, tematikusan k\u00f6zel\u00edt\u00fcnk r\u00e1 a l\u00e9lek m\u00e9lyvil\u00e1g\u00e1ra,<br \/>\u00e9s relax\u00e1lt \u00e1llapotban hozzuk fel onnan a lelk\u00fcnk k\u00e9peit, amelyeket ut\u00e1na meg is alkotunk<br \/>valamilyen form\u00e1ban: kifestj\u00fck, kirajzoljuk, kiagyagozzuk, kimont\u00e1zsozzuk.. stb. magunkb\u00f3l,<br \/>kit\u00e9ve \u00edgy a probl\u00e9m\u00e1t magunk el\u00e9, ami egyr\u00e9szt tehermentes\u00edti \u00edgy a lelket, m\u00e1sr\u00e9szt<br \/>szavakba tehet\u0151, lehet m\u00e1r besz\u00e9lni r\u00f3la, \u00e9s ez\u00e1ltal egy empatikus, meg\u00e9rt\u0151 l\u00e9gk\u00f6rben oldhat\u00f3.<\/p>\n<p>Szimbol\u00f3gi\u00e1val, \u00f6nismerettel foglalkoz\u00f3 <strong>el\u0151ad\u00e1sok<\/strong>at tartok h\u00fasz \u00e9ve folyamatosan<br \/>orsz\u00e1gszerte, a f\u0151v\u00e1rosban is, \u00edgy a Szint\u00e9zis Szabadegyetemen, ahol akkredit\u00e1lt<br \/>pedag\u00f3gusk\u00e9pz\u00e9seken (is) adtam el\u0151, tov\u00e1bb\u00e1 egy-agy alkalommal az OPNI-ban, illetve a<br \/>MTA-n. Dolgoztam az FPI-ben, a tan\u00e1ri tov\u00e1bbk\u00e9pz\u00e9si programban. El\u0151ad\u00f3ja, tank\u00f6nyv\u00edr\u00f3ja<br \/>voltam a G\u00e1nti Bence \u2013 f\u00e9le Integr\u00e1lakad\u00e9mi\u00e1nak.<\/p>\n<p><br \/>Szak\u00e9rt\u0151k\u00e9nt szerepeltem a Duna Telev\u00edzi\u00f3 mitol\u00f3giai m\u0171sorsorozat\u00e1ban, amelyben irodalmi<br \/>alkot\u00e1sok szimb\u00f3lumair\u00f3l \u00e9s azok mitol\u00f3giai h\u00e1tter\u00e9r\u0151l besz\u00e9ltem.<\/p>\n<p><br \/>A k\u00fcl\u00f6nb\u00f6z\u0151 szimb\u00f3lumrendszerek (Ji King, Tarot, asztrol\u00f3gia, m\u00edtoszok, vall\u00e1sok, alk\u00edmia,<br \/>hermetikus tud\u00e1sok), az \u00e1lomvil\u00e1g, a tudom\u00e1nyok \u00e9s a mindennapi \u00e9let k\u00f6z\u00f6tti \u00e1tj\u00e1rhat\u00f3s\u00e1got<br \/>keresem, mindezt az \u00f6nismeretbe forgatva, hogy az elm\u00e9let mindennapi seg\u00edts\u00e9get ny\u00fajt\u00f3<br \/>gyakorlatt\u00e1 tudjon v\u00e1lni.<\/p>\n<p><br \/>A m\u0171v\u00e9szetet \u201egyakorlom\u201d is: sz\u00e1mos foly\u00f3iratban (pl. Kort\u00e1rs, Nap\u00fat, Szint\u00e9zis) jelentek<br \/>meg <strong>verseim, novell\u00e1im, dr\u00e1m\u00e1m<\/strong>. 1996-ban jelent meg az \u00f6n\u00e1ll\u00f3 versesk\u00f6tetem:<br \/>Lepkesz\u00e1rnyak keresztjeid c\u00edmmel az Alterra Kiad\u00f3 gondoz\u00e1s\u00e1ban. K\u00e9t dr\u00e1map\u00e1ly\u00e1zaton<br \/>indultam, mindkett\u0151t megnyertem.<\/p>\n<p><br \/>H\u00e1zass\u00e1gban \u00e9lek, f\u00e9rjemet negyven \u00e9ve ismerem, h\u00e1rom l\u00e1nygyermeket nevelt\u00fcnk fel.<br \/>Szeretek j\u00f3 filmeket n\u00e9zni, besz\u00e9lgetni, bar\u00e1tkozni, kir\u00e1ndulni, utazni, gondolkodni, \u00e1lmokkal,<br \/>asztrol\u00f3gi\u00e1val, m\u0171v\u00e9szetekkel foglalkozni. A magam kis \u201emag\u00e1nbirodalm\u00e1t\u201d &#8211; f\u00e9rjem,<br \/>gyerekek, bar\u00e1tok, kliensek, h\u00e1zi\u00e1llatk\u00e1k \u00e9s magam \u2013 igyekszem rendben tartani.<\/p>\n<p><br \/>Az eg\u00e9sz mag\u00e1n\u00e9letem ugyanarr\u00f3l sz\u00f3l, amir\u0151l az \u00fagynevezett hivat\u00e1s\u00e9letem: hogyan lehet<br \/>seg\u00edteni magamnak, m\u00e1soknak abban, hogy egy kicsit k\u00f6nnyedebben, \u00f6nmagunkkal, a<br \/>vil\u00e1ggal kicsit harmonikusabban, \u00e9rt\u0151bben, teherlerak\u00f3sabban, \u00e9rtelmet lelve,<br \/>autentikusabban, vir\u00e1gz\u00f3bban \u00e9lhess\u00fcnk.<\/p>\n\n\n<hr class=\"wp-block-separator has-css-opacity is-style-default\"\/>\n","protected":false},"excerpt":{"rendered":"<p>&#8220;N\u00e9ha nem tudom m\u00e1r, hogy miben lehet m\u00e9g hinni, azt\u00e1nr\u00e1j\u00f6v\u00f6k, hogy a m\u0171v\u00e9szetben, a szerelemben, a szeretetben, azalkot\u00e1sban, a bar\u00e1ts\u00e1gban, a szolidarit\u00e1sban m\u00e9g lehet. Ahum\u00e1n \u00e9rt\u00e9kekben.&#8221; \u2014 Kerekes Anna Eg\u00e9sz \u00e9letemben izgatott-izgat ez a vil\u00e1g, amibe a sz\u00fclet\u00e9semmel meg\u00e9rkeztem, \u00e9s aminek az\u00f6r\u00f6meit \u00e9lvezem, sz\u00e9ps\u00e9gein \u00e1mulok, de aminek a neh\u00e9zs\u00e9geivel, vissz\u00e1ss\u00e1gaival,l\u00e9lekf\u00e1jdalmaival &hellip; <\/p>\n","protected":false},"author":2,"featured_media":0,"parent":0,"menu_order":0,"comment_status":"closed","ping_status":"open","template":"","meta":{"_monsterinsights_skip_tracking":false,"_monsterinsights_sitenote_active":false,"_monsterinsights_sitenote_note":"","_monsterinsights_sitenote_category":0,"_s2mail":"yes","footnotes":""},"aioseo_notices":[],"_links":{"self":[{"href":"https:\/\/www.lelektrening.hu\/index.php?rest_route=\/wp\/v2\/pages\/2"}],"collection":[{"href":"https:\/\/www.lelektrening.hu\/index.php?rest_route=\/wp\/v2\/pages"}],"about":[{"href":"https:\/\/www.lelektrening.hu\/index.php?rest_route=\/wp\/v2\/types\/page"}],"author":[{"embeddable":true,"href":"https:\/\/www.lelektrening.hu\/index.php?rest_route=\/wp\/v2\/users\/2"}],"replies":[{"embeddable":true,"href":"https:\/\/www.lelektrening.hu\/index.php?rest_route=%2Fwp%2Fv2%2Fcomments&post=2"}],"version-history":[{"count":24,"href":"https:\/\/www.lelektrening.hu\/index.php?rest_route=\/wp\/v2\/pages\/2\/revisions"}],"predecessor-version":[{"id":545,"href":"https:\/\/www.lelektrening.hu\/index.php?rest_route=\/wp\/v2\/pages\/2\/revisions\/545"}],"wp:attachment":[{"href":"https:\/\/www.lelektrening.hu\/index.php?rest_route=%2Fwp%2Fv2%2Fmedia&parent=2"}],"curies":[{"name":"wp","href":"https:\/\/api.w.org\/{rel}","templated":true}]}}